. What is i(-6)?
2
Let d(k) = -k**3 + 10*k**2 - 9*k + 3. Let r(l) = -l**3 - 18*l**2 - 20*l - 42. Let j be r(-17). What is d(j)?
3
Let j(f) = 2*f**2 + 6*f + 1. Let v be j(-4). Let q = -8 + v. Let n = q + -1. Let r(u) = u**3 - u**2 - 1. Calculate r(n).
-1
Let q be (-6)/4*-2*2/2. Let c(t) = -2*t**3 + 5*t**2 + 7*t + 7. Let s(h) = -h**3 + 3*h**2 + 4*h + 4. Let b(g) = q*c(g) - 5*s(g). What is b(2)?
-5
Let d(f) be the first derivative of 0*f + 1/3*f**3 - 29 + 1/2*f**2. Determine d(-3).
6
Let f(z) = 16*z**2 + 12*z. Let v(b) = 3*b**2 + b - 2. Let j(l) = f(l) - 5*v(l). Calculate j(-7).
10
Suppose 0*d = -3*c + 3*d - 3, 5*c + 19 = -2*d. Let v(f) = 6*f - 5 - f - 11*f + 3*f + 3. Give v(c).
7
Let v(p) = p**3 + 3*p**2 - 2*p + 1. Let b(z) = -z**2 - 6*z - 8. Let t be b(-4). Suppose -d + 4*d + 12 = t. Calculate v(d).
-7
Let d(c) = -c - 1. Let p(r) = -1. Let z(y) = 4*y + 10. Let u(q) = 14*p(q) + 2*z(q). Let a(j) = -5*d(j) - u(j). What is a(-1)?
2
Suppose -7 = 2*b - 25. Suppose -b = -5*s - 4. Let r(p) = 6*p**3 + 3*p + 5. Let v(l) = 12*l**3 + 7*l + 11. Let y(a) = 9*r(a) - 4*v(a). Give y(s).
6
Let k(h) = 2*h - 8. Let n be k(7). Let j(u) be the third derivative of u**4/24 - u**3/6 + 8*u**2. Give j(n).
5
Let v(i) = i**3 - 22*i**2 + 2*i - 24. Let n be v(22). Suppose 0 + n = -4*b. Let z(l) = l + 7. Give z(b).
2
Let m(h) = -9*h**3 + 6*h**2 - 15*h + 1. Let q(n) = -4*n**3 + 3*n**2 - 7*n + 1. Let j(f) = -3*m(f) + 7*q(f). Let i = 7 + -4. Give j(i).
-8
Let p(s) = 1 - s**2 + 3*s**2 - 2*s - 4*s**2. Let o be p(1). Let h(f) = 2*f + 4. Let r(t) = 3*t + 5. Let y(j) = 7*h(j) - 5*r(j). What is y(o)?
6
Let u(x) = x + 4. Let o be u(-4). Suppose o = 5*n + 2 + 33. Let k(b) = b**3 + 6*b**2 - 7*b - 7. Determine k(n).
-7
Let q(h) = -h**3 + 5*h**2 + 7*h - 9. Let v(f) = f + 14. Let j(l) = 9*l**3 + l**2 + 3*l + 3. Let z be j(-1). Let d be v(z). Give q(d).
-3
Let i(q) = 11*q - 333. Let f be i(30). Let s(d) = 2*d**2 - 4*d - 3. Give s(f).
27
Let f(d) be the second derivative of 10*d**3/3 - d**2/2 + 144*d. What is f(-1)?
-21
Let m(i) = i**3 - 2*i**2 - 5*i + 2. Let l(j) = j**3 + j**2 - j + 14. Let g be l(0). Suppose -f - 9 = 4*h + 4*f, h = 2*f + g. What is m(h)?
14
Let i(o) be the first derivative of -o**4/4 + o**2/2 - 57*o + 119. Give i(0).
-57
Let h be 6 + (-12)/3 + -10. Let o = 7 + h. Let w(f) = -2*f**2 - f - 1. Calculate w(o).
-2
Let n(p) = p**2 + 8*p - 3. Let m be n(-9). Let t(h) = -4 + 2*h + 2*h - m*h + 1. Give t(-4).
5
Let c(k) = k**2. Let v = 6 + -3. Let z(i) = -13*i - 5. Let r(w) = -7*w - 3. Let a(o) = 11*r(o) - 6*z(o). Let m be a(v). What is c(m)?
0
Let b(s) = s + 1. Let t(l) = -l. Let a(o) = o**2 + 9*o + 7. Let i be a(-8). Let k(y) = i*b(y) - 3*t(y). Calculate k(3).
5
Suppose -21 = 3*a - 18. Let r(s) = s**2 + s + 5. Suppose -5*k + 2*d = 25, 3*k + 4*d = 2*k + 17. Let p(o) = -o - 1. Let t(u) = a*r(u) + k*p(u). Give t(2).
-2
Suppose -20 = -a + 3*r - 2, -r = -4*a + 17. Let f(q) = -18 - 2*q**2 + 4*q**2 - 5*q - a*q**2 + 16. Calculate f(-3).
4
Suppose -3*r + 2*p - 12 = -3*p, r = 3*p - 4. Let f(l) = 3*l + 5. Determine f(r).
-7
Let u(y) = 5*y + 4. Let p(s) = 20*s + 15. Let o(z) = -4*p(z) + 15*u(z). Let c(q) = 4*q. Let f(b) = -6*c(b) - 5*o(b). Determine f(-4).
-4
Let l(h) = -h**3 - 2*h**2 + 2. Let d be l(-3). Suppose -c - 3*q = -d, 0*c - 3*c - 4*q = -23. Let y(w) = -4*w**3 + 7 - 3 - c*w**2 + 3*w**3 + 6*w. Give y(-6).
4
Let f(b) = -b**2 + 10. Let g = 143 + -22. Let o = 121 - g. Determine f(o).
10
Let m(r) = -2*r**2 - 5*r + 4. Suppose 31*p - 35 = 26*p. Let l be 4*-11*(-2)/(-8). Let z = l + p. Calculate m(z).
-8
Let c(n) be the first derivative of n**5/60 + n**4/24 + 13*n**3/3 + 22. Let p(z) be the third derivative of c(z). What is p(-1)?
-1
Let d(i) = -i - 2. Suppose 103 + 41 = -9*x. What is d(x)?
14
Let y(m) = m**3 + m**2 + m + 6. Let c(a) = -2 - 57*a**2 + 58*a**2 + 1. Let x(q) = -q**2 + 4*q + 6. Let o be x(5). Let f be c(o). Determine y(f).
6
Let w(k) = -k + 2*k + 6*k + 1. Determine w(1).
8
Let n be (-91)/(-26) - 44/(-8). Let y(c) = 5*c - 35. Give y(n).
10
Let k(z) = -2*z**2 - 3*z. Let t be 54/15 - (-18)/(-30). Let v(r) = -3*r**2 - 5*r. Let q(p) = t*v(p) - 5*k(p). Give q(-1).
1
Let a(i) = i - 3. Let g(j) = -j**2 + 45. Let y be g(7). Calculate a(y).
-7
Let v(i) = -i**2 + 4*i - 1. Let g = -3 + 2. Let u(r) be the second derivative of -r**3/3 + r**2 - 11*r. Let f be u(g). Calculate v(f).
-1
Let x(t) = t + 3. Let b be (0 + 1)*(2 - 4). Let g be (-84)/(-56)*2/(-3). Let z = b + g. What is x(z)?
0
Let o(g) = -3*g - 15*g**3 + 22*g**3 - 2 - 6*g**3. Suppose 3*x - 3*m + 2 + 1 = 0, x - 5*m = -17. What is o(x)?
16
Let h(d) be the third derivative of 1/3*d**3 + 2*d - 4*d**2 - 1/24*d**4 + 0. Give h(-4).
6
Let x(z) = z - 1. Suppose -24 = -3*m + 5*w, -4 = 3*m + 5*w + 2. Let b be x(m). Let g be 4/5*(-5)/b. Let y(r) = -2*r**2 - 3*r - 2. Calculate y(g).
-4
Let z(h) = 2*h**2 - 2*h - 4. Let g(s) = 2*s**2 - 3*s - 4. Let i(j) = 6*g(j) - 5*z(j). Let n be i(5). Let r(w) = w**3 - 7*w**2 + 6*w - 2. Calculate r(n).
-2
Let c(a) = -a - 3. Let h(u) = -13*u - 45. Let r be h(-3). What is c(r)?
3
Let g(v) = 2*v**2 - 26*v - 27. Let h be g(14). Let p(c) = -5*c**2 - 5*c - 7. Let k(u) = 10*u**2 + 9*u + 13. Let n(s) = -6*k(s) - 11*p(s). Determine n(h).
-5
Let b(y) = y**3 - 2*y**2 + 3*y - 3. Let o be (154/4)/(8/(-16)). Let k = -75 - o. What is b(k)?
3
Suppose 0*v = -2*v - 12. Let z be v/(-4)*(8 - 12). Let c(f) = -f**3 - 6*f**2 - 3*f - 9. What is c(z)?
9
Let l(x) = x**2 + 4*x - 2. Let b be (-1 - -2)*(8 - 53)/9. Give l(b).
3
Suppose -4*t + 4*c = 40, -2*t + c = 5*c + 32. Let s(f) = f**2 + 13*f + 11. What is s(t)?
-1
Let j(b) = -b**3 - 9*b**2 - 15*b - 1. Let m be 15/(-40) - (-360)/(-64). Calculate j(m).
-19
Let l(r) be the second derivative of -7/6*r**3 + 2*r + 1/120*r**5 + 0*r**4 + 0*r**2 + 0. Let p(b) be the second derivative of l(b). Give p(5).
5
Let n(r) = 4*r**2 + r - 1. Let s(o) = o + 5. Let c be s(-6). Let f(w) = -w**2 - 1. Let d(t) = c*f(t) + n(t). What is d(-1)?
4
Let i = -135 - -137. Let b(w) be the second derivative of -2*w + 1/6*w**3 - 1/2*w**i + 0. Calculate b(-5).
-6
Let j(x) be the third derivative of 3/20*x**5 + 4*x**2 + 1/3*x**4 + 1/120*x**6 - 2/3*x**3 + 0*x + 0. Let v be j(-8). Let g(t) = t**2 + 2*t - 3. Calculate g(v).
5
Let y(f) be the first derivative of f**4/4 - 3*f**3 - 9*f**2/2 + 3*f + 42. What is y(10)?
13
Let l(f) = 8*f. Let q(j) = 59870 - 59870 - 65*j. Suppose 2*d + 3*v = -0*v + 53, 5*d - 2*v = 123. Let i(y) = d*l(y) + 3*q(y). Calculate i(-1).
-5
Let w(t) = t**2 - 4*t + 1. Let m = -5 + -1. Let o be (m/((-18)/(-3)))/(1/(-3)). Give w(o).
-2
Let s(g) = 2. Let d(l) = -23*l + 12. Let k(m) = d(m) - 6*s(m). Suppose 2*u = -0*u + 2. What is k(u)?
-23
Let s(d) be the second derivative of d**2 + 0 + 4*d - 1/3*d**3. Give s(3).
-4
Let a = 4 - 1. Let x = -40 + 55. Suppose -13 = 4*l - 2*h - 3, a*h - x = 0. Let s(u) = -u**3 - u**2 + u - 6. Give s(l).
-6
Suppose -7*u + 0*u + 35 = 0. Let g(c) be the first derivative of c**3/3 - 5*c**2/2 - 7*c - 4. Calculate g(u).
-7
Suppose -5*j + 3*w + 0*w + 8 = 0, 4*w - 16 = 0. Suppose 0 = 5*h - o - j*o - 30, 5*h - 2*o = 24. Let n(g) = g**2 - 6*g + 6. Give n(h).
-2
Suppose 2*q - 52 = -48. Let v(c) = -3 + 2 + q - 27*c + 29*c. Give v(2).
5
Let b(q) = 7*q**2 - 12*q + 10. Let v(r) = 12*r**2 - 23*r + 19. Let x(y) = 7*b(y) - 4*v(y). Let h = 9 + -16. Determine x(h).
-13
Let p(i) = -i**2 + 6*i - 11. Suppose 2*t - 5*q - 29 = 0, -91*q = -5*t - 93*q + 29. What is p(t)?
-18
Suppose -2*h + h = 11. Let r = -15 - h. Let j(t) be the second derivative of -t**3/3 - 3*t**2/2 + 6*t. Give j(r).
5
Let u(s) be the third derivative of 0*s**4 + 4*s**2 + 1/120*s**6 + 0*s - 1/60*s**5 + 1/6*s**3 + 0. Let o(p) = -2*p + 37. Let g be o(19). What is u(g)?
-1
Let x = 20 - 15. Suppose x*j - 1 = 4*j. Let y(b) be the first derivative of -3*b**4/4 - 2*b**3/3 + b**2/2 + 1. Give y(j).
-4
Let j be 2/(-5) + (-153)/(-45). Let n(b) = -b + 2 + 0*b**j - 2*b + b**3. Let u = 1 + 1. Give n(u).
4
Let y be (-4 - (-96)/6) + -4 - -1. Let h(i) = i**3 - 10*i**2 + 10*i - 2. Calculate h(y).
7
Let g(z) = -9*z**3 - 16*z**2 + 3*z - 21. Let l(t) = 28*t**3 + 49*t**2 - 10*t + 67. Let o(y) = 19*g(y) + 6*l(y). Give o(-3).
3
Let p(q) = q**2 - 12*q + 14. Let i be p(11). Let d(y) = -y**3 + 5*y**2 - 4*y - 1. Let n be d(i). Let o(g) = g**2 - 3 - g**3 - n*g**2 + 